se 10.
99792
-11436454 (base 7) to base 11
-635859
What is 220333 (base 14) in base 6?
40414253
What is 102110000101000 (base 3) in base 15?
80227c
What is -2456823 (base 10) in base 3?
-11121211010110
-1165664 (base 7) to base 2
-100100110110000101
What is 2204302302 (base 5) in base 13?
ca85bc
What is -412754 (base 12) in base 15?
-1525e7
Convert 110341130 (base 5) to base 15.
976ca
54037 (base 12) to base 6
2212111
Convert 11a186 (base 15) to base 11.
527205
What is -5323d8 (base 16) in base 5?
-2343324124
Convert 531114 (base 6) to base 4.
22200112
What is 235344551 (base 6) in base 5?
2120240112
-8874b (base 14) to base 9
-553585
-173508 (base 10) to base 7
-1321566
-111101101011001 (base 2) to base 9
-47275
What is -474372 (base 8) in base 11?
-100821
Convert -368b699 (base 12) to base 7.
-156261066
Convert 1010010100100010001100 (base 2) to base 5.
1143034143
533311335 (base 6) to base 16
8f79cb
191b1 (base 12) to base 2
1000111011010101
a7bbfa (base 16) to base 7
162302332
Convert -12012202112 (base 3) to base 7.
-605111
What is 696328 (base 15) in base 8?
23145606
-10307535 (base 8) to base 7
-24460133
512c (base 15) to base 13
7a58
What is -83863 (base 13) in base 9?
-400381
Convert 10af (base 16) to base 2.
1000010101111
Convert 6304475 (base 9) to base 6.
200113405
What is 46399 (base 12) in base 9?
152670
What is 1010111100011011 (base 2) in base 6?
543311
18597 (base 11) to base 5
1313000
-1100101110110000110000 (base 2) to base 7
-40236430
What is -435440101 (base 6) in base 3?
-112201200211101
Convert 2546261 (base 8) to base 10.
707761
What is -111011101101010000011100 (base 2) in base 12?
-52a9964
2b538 (base 15) to base 14
38c01
What is -2113214023 (base 5) in base 13?
-bc1087
What is 111100110111110101 (base 2) in base 4?
330313311
32203616 (base 7) to base 13
74c729
1126325 (base 7) to base 14
397bc
61ba90 (base 13) to base 8
10551465
Convert 3a3c2 (base 14) to base 13.
503a4
Convert -565144 (base 8) to base 9.
-321086
Convert -11655120 (base 7) to base 3.
-1222122022100
-6426028 (base 9) to base 12
-11a0138
What is -7702763 (base 8) in base 16?
-1f85f3
What is -41d5c (base 14) in base 16?
-26d3e
Convert -132434 (base 5) to base 14.
-1d57
39226 (base 15) to base 7
1360521
-111000011000010101000 (base 2) to base 8
-7030250
Convert 31293 (base 13) to base 6.
1520550
What is 1011110111001101010011 (base 2) in base 14?
5ad3c7
-12211110121122 (base 3) to base 10
-3099428
Convert 1001230321 (base 4) to base 16.
41b39
What is 10000000110110111 (base 2) in base 10?
65975
-82a94 (base 13) to base 10
-234693
What is -12211220121212 (base 3) in base 13?
-84a97c
What is -238a2 (base 11) in base 13?
-12839
What is -102106 (base 7) in base 14?
-6576
-61053741 (base 8) to base 4
-301011133201
Convert 2000121110110 (base 3) to base 12.
43a056
11000111110110101010010 (base 2) to base 15
8955cd
1021112022200 (base 3) to base 7
5530344
What is 306d2d (base 14) in base 3?
10001221101220
-1011121221202021 (base 3) to base 7
-262603666
-111001200 (base 4) to base 3
-11101010100
Convert 15150766 (base 8) to base 4.
31031013312
96947 (base 11) to base 4
202121133
155786 (base 10) to base 11
a7054
Convert -138857 (base 12) to base 7.
-2525452
What is 18b24 (base 13) in base 6?
1010202
What is 12031032121 (base 4) in base 9?
3048774
-455031 (base 6) to base 9
-58051
Convert -10100010101000100011 (base 2) to base 11.
-415539
Convert -21813 (base 16) to base 13.
-4a607
What is -72191 (base 11) in base 10?
-105370
49372a5 (base 11) to base 3
121011101022020
Convert 14404320 (base 5) to base 9.
253758
Convert 122103100 (base 4) to base 5.
11421403
What is -4831b2 (base 14) in base 2?
-1001011010010110001000
3a2f3 (base 16) to base 5
30111243
What is 3253241 (base 6) in base 13?
590cb
What is 2102221211 (base 3) in base 16?
bbd2
Convert 33761773 (base 8) to base 9.
14715711
1220130021 (base 5) to base 3
12110010001210
Convert 111000101110111010 (base 2) to base 13.
81a03
Convert -2200021221001 (base 3) to base 15.
-1d193a
-119472 (base 10) to base 4
-131022300
What is 125aa3 (base 11) in base 10?
198311
-62507254 (base 8) to base 10
-13274796
-38b3c (base 13) to base 5
-11331134
101101110101011101100111 (base 2) to base 11
6867439
5513587 (base 11) to base 13
2010137
What is bcd34 (base 14) in base 9?
767347
Convert 1330102101 (base 4) to base 14.
d3745
Convert -11120121202110 (base 3) to base 12.
-994149
What is 47dd0 (base 16) in base 7?
2334112
Convert -3da8d (base 15) to base 14.
-522c5
-212202121201 (base 3) to base 10
-467740
What is 79a867 (base 15) in base 3?
101221000120021
1862b83 (base 12) to base 13
109a223
62cd65 (base 16) to base 2
11000101100110101100101
What is -d93a (base 15) in base 6?
-552431
What is 1322253 (base 7) in base 4?
222121332
310231101 (base 4) to base 16
34b51
1e75c (base 16) to base 11
85812
What is 455166 (base 8) in base 15?
30a70
What is -69ba (base 13) in base 8?
-35010
Convert -22021244 (base 5) to base 8.
-561025
What is 2305a4 (base 11) in base 15?
739e9
What is 1001201210021020 (base 3) in base 16?
e8ffc5
Convert 1622b (base 12) to base 14.
b64b
Convert -836931 (base 11) to base 8.
-5074000
141032121 (base 5) to base 2
10110000000000001111
Convert 100111000101010111000 (base 2) to base 11.
7a522a
1667268 (base 9) to base 11
586054
What is 2212407 (base 8) in base 4?
2101110013
4342004 (base 5) to base 2
10010001110000101
Convert 1368943 (base 10) to base 12.
560267
Convert -1865d2 (base 15) to base 10.
-1185947
What is -16bb050 (base 12) in base 4?
-102001311330
-2781462 (base 9) to base 3
-2212201112002
-11012111211021 (base 3) to base 9
-4174737
What is -12226b (base 13) in base 15?
-88576
Convert -13333130130 (base 4) to base 8.
-7773434
Convert -2386763 (base 9) to base 4.
-10330301223
What is -294895 (base 15) in base 9?
-3662455
Convert 10111111000100 (base 2) to base 14.
4656
What is 3123103 (base 6) in base 4?
210313233
What is 805875 (base 9) in base 6?
14115105
Convert -1314858 (base 11) to base 16.
-22b97e
What is -1853a5 (base 14) in base 5?
-210001410
Convert 10020211011 (base 3) to base 13.
231a9
-32210230010 (base 4) to base 13
-a39b38
-37b271 (base 16) to base 8
-15731161
What is -2130123231 (base 5) in base 4?
-101103130002
Convert 8981591 (base 10) to base 2.
100010010000110001010111
What is -2a9769 (base 13) in base 6?
-34253331
What is 100100110011111001 (base 2) in base 9?
248740
What is 1023302 (base 6) in base 16?
c356
What is 2a37947 (base 11) in base 12?
18b1a90
Convert -1a3643 (base 12) to base 9.
-774126
Convert 411002455 (base 6) to base 13.
15c8c45
What is 3112012 (base 5) in base 3?
2120210112
What is -14043421 (base 6) in base 7?
-4005460
Convert -12576452 (base 8) to base 7.
-32642524
-6b0545 (base 13) to base 15
-353671
Convert 1082489 (base 10) to base 9.
2028805
-110330302 (base 4) to base 14
-233b4
What is -1451277 (base 9) in base 8?
-3035173
What is -1536256 (base 10) in base 5?
-343130011
Convert -1010001000000100000 (base 2) to base 12.
-140028
b706b (base 13) to base 2
1010000011110100111
-201221222122 (base 3) to base 14
-a329b
43057036 (base 8) to base 11
521349a
278454 (base 13) to base 9
1724013
4860c (base 14) to base 11
110921
Convert -a17a7 (base 14) to base 15.
-7a14d
-452005 (base 7) to base 3
-11001122011
13010130122 (base 4) to base 13
4cb698
-243541 (base 8) to base 9
-136861
What is -132233021 (base 6) in base 16?
-282c85
Convert 1011011101100111 (base 2) to base 14.
13179
202121211221110 (base 3) to base 8
51637131
1b8363 (base 14) to base 5
222424102
What is 5a9823 (base 12) in base 4?
11212131123
350235 (base 6) to base 11
20515
Convert 109724 (base 13) to base 15.
7b36e
Convert -5335400 (base 6) to base 16.
-3fe58
-3402022 (base 5) to base 7
-335604
-220100100020 (base 3) to base 2
-1110100111111100010
-a2abd5 (base 14) to base 12
-1a06133
-599649 (base 11) to base 8
-3477026
-12443322112 (base 5) to base 8
-73415661
210030323 (base 5) to base 11
539155
What is -105063320 (base 7) in base 9?
-12876118
ff074 (base 16) to base 2
11111111000001110100
What is 4d088b (base 14) in base 16?
2878eb
202206366 (base 7) to base 10
11800767
What is -a1574 (base 12) in base 10?
-209896
Convert 3760025 (base 8) to base 16.
fe015
Convert 2002222002021 (base 3) to ba